ultiple of 5?
False
Is 20246 a multiple of 10?
False
Is 2761 a multiple of 46?
False
Is 16 a factor of 1938?
False
Is 55 a factor of 1540?
True
Does 16 divide 1765?
False
Does 15 divide 828?
False
Does 12 divide 190?
False
Does 22 divide 4522?
False
Is 9 a factor of 935?
False
Is 2 a factor of 14?
True
Is 14 a factor of 879?
False
Is 498 a multiple of 21?
False
Does 8 divide 37184?
True
Does 54 divide 510?
False
Does 19 divide 8854?
True
Is 10724 a multiple of 14?
True
Does 5 divide 2824?
False
Is 1044 a multiple of 12?
True
Is 234 a multiple of 18?
True
Is 13048 a multiple of 14?
True
Is 26 a factor of 6552?
True
Is 1185 a multiple of 65?
False
Does 25 divide 2320?
False
Is 10036 a multiple of 26?
True
Is 103313 a multiple of 280?
False
Is 131 a factor of 7991?
True
Does 28 divide 56?
True
Does 12 divide 967?
False
Does 20 divide 404?
False
Is 8028 a multiple of 23?
False
Is 7 a factor of 227?
False
Is 364 a multiple of 28?
True
Is 300 even?
True
Is 83 a factor of 2594?
False
Is 21528 a multiple of 12?
True
Is 1038 a multiple of 14?
False
Is 23766 a multiple of 34?
True
Is 159 a factor of 31005?
True
Does 64 divide 2884?
False
Does 72 divide 42029?
False
Is 49 a multiple of 6?
False
Is 80 a factor of 18694?
False
Is 31 a factor of 1459?
False
Is 151 a factor of 10034?
False
Is 4173 a multiple of 13?
True
Is 224 a multiple of 33?
False
Is 774 a multiple of 9?
True
Is 11907 a multiple of 63?
True
Is 1593 a multiple of 46?
False
Is 30 a factor of 11790?
True
Is 9 a factor of 486?
True
Is 20 a factor of 1007?
False
Does 13 divide 14817?
False
Is 9 a factor of 10296?
True
Does 43 divide 473?
True
Is 22 a factor of 5776?
False
Does 217 divide 13372?
False
Is 25 a factor of 1600?
True
Does 40 divide 3055?
False
Is 861 a multiple of 41?
True
Does 8 divide 1168?
True
Does 14 divide 1582?
True
Is 1064 a multiple of 8?
True
Does 32 divide 1856?
True
Is 623 a multiple of 5?
False
Is 304 a factor of 31920?
True
Does 8 divide 1904?
True
Is 10474 a multiple of 117?
False
Does 22 divide 445?
False
Is 322 a multiple of 14?
True
Is 17274 a multiple of 26?
False
Does 14 divide 2299?
False
Is 15 a factor of 2025?
True
Is 9400 a multiple of 5?
True
Is 52 a factor of 728?
True
Is 10190 a multiple of 10?
True
Does 18 divide 12510?
True
Does 30 divide 4823?
False
Does 6 divide 1289?
False
Is 70 a multiple of 10?
True
Is 34 a factor of 10502?
False
Is 1527 a multiple of 134?
False
Is 5160 a multiple of 60?
True
Does 5 divide 1441?
False
Is 6109 a multiple of 19?
False
Is 18 a factor of 5544?
True
Is 5 a factor of 5787?
False
Does 3 divide 2394?
True
Does 83 divide 1577?
True
Does 15 divide 135?
True
Is 54680 a multiple of 69?
False
Does 22 divide 28?
False
Is 10 a factor of 630?
True
Is 24 a factor of 1256?
False
Does 4 divide 4098?
False
Is 15 a factor of 3495?
True
Is 2715 a multiple of 2?
False
Is 6 a factor of 2172?
True
Does 4 divide 77?
False
Is 2040 a multiple of 51?
True
Is 10587 a multiple of 13?
False
Does 21 divide 1502?
False
Is 6 a factor of 1752?
True
Is 78 even?
True
Is 8510 a multiple of 72?
False
Does 13 divide 1398?
False
Is 128 a factor of 3989?
False
Is 3509 a multiple of 17?
False
Does 79 divide 237?
True
Does 11 divide 100485?
True
Is 13 a factor of 6673?
False
Is 270 a multiple of 27?
True
Is 2 a factor of 545?
False
Is 5 a factor of 10340?
True
Is 5 a factor of 320?
True
Is 2 a factor of 46?
True
Is 77 a factor of 3678?
False
Is 13800 a multiple of 115?
True
Is 19 a factor of 14974?
False
Is 2912 a multiple of 12?
False
Is 14 a factor of 73682?
True
Is 14 a factor of 14980?
True
Is 32 a factor of 5760?
True
Is 2 a factor of 58?
True
Is 25 a factor of 12425?
True
Is 848 a multiple of 8?
True
Does 79 divide 214?
False
Does 11 divide 187?
True
Does 4 divide 550?
False
Does 15 divide 745?
False
Does 7 divide 559?
False
Is 243 a multiple of 27?
True
Is 9 a factor of 2430?
True
Is 5535 a multiple of 15?
True
Is 25254 a multiple of 122?
True
Is 2 a factor of 3?
False
Is 766 a multiple of 32?
False
Does 20 divide 1260?
True
Is 2645 a multiple of 17?
False
Does 25 divide 7839?
False
Is 2769 a multiple of 27?
False
Is 14 a factor of 5865?
False
Is 13 a factor of 2080?
True
Is 2300 a multiple of 115?
True
Is 3239 a multiple of 18?
False
Does 17 divide 1176?
False
Is 84 a factor of 5460?
True
Is 8394 a multiple of 2?
True
Does 4 divide 7428?
True
Is 15 a factor of 1830?
True
Is 3978 a multiple of 78?
True
Is 21140 a multiple of 14?
True
Is 108 a factor of 1404?
True
Is 97 a factor of 45222?
False
Does 5 divide 12874?
False
Does 9 divide 2331?
True
Is 16 a factor of 128?
True
Does 60 divide 3960?
True
Is 10 a factor of 26130?
True
Is 28728 a multiple of 228?
True
Is 798 a multiple of 6?
True
Does 18 divide 507?
False
Is 549 a multiple of 13?
False
Is 29 a factor of 87?
True
Is 10710 a multiple of 102?
True
Does 62 divide 4182?
False
Does 11 divide 748?
True
Does 19 divide 2375?
True
Is 51 a factor of 9727?
False
Does 82 divide 56854?
False
Does 119 divide 2737?
True
Is 14 a factor of 3430?
True
Does 75 divide 5550?
True
Is 69551 a multiple of 7?
False
Is 792 a multiple of 33?
True
Does 31 divide 635?
False
Is 34 a factor of 34?
True
Does 20 divide 3646?
False
Is 4 a factor of 1672?
True
Does 135 divide 2499?
False
Does 69 divide 21114?
True
Does 4 divide 7357?
False
Is 160 a factor of 1600?
True
Does 29 divide 1137?
False
Does 6 divide 375?
False
Does 19 divide 798?
True
Is 1195 a multiple of 2?
False
Is 16 a factor of 2666?
False
Does 27 divide 5697?
True
Does 50 divide 5075?
False
Does 20 divide 60?
True
Does 21 divide 2835?
True
Does 25 divide 162075?
True
Is 4692 a multiple of 65?
False
Does 29 divide 7395?
True
Is 3548 a multiple of 66?
False
Does 81 divide 614?
False
Does 7 divide 693?
True
Is 1786 even?
True
Is 116 a multiple of 11?
False
Is 1520 a multiple of 16?
True
Is 316 a multiple of 6?
False
Is 218 a multiple of 41?
False
Is 465 a multiple of 15?
True
Is 15 a factor of 810?
True
Does 11 divide 7732?
False
Is 56109 a multiple of 123?
False
Does 9 divide 2017?
False
Does 4 divide 756?
True
Does 39 divide 3393?
True
Is 22 a multiple of 2?
True
Is 67 a multiple of 2?
False
Is 25120 a multiple of 8?
True
Does 62 divide 15726?
False
Is 33 a factor of 762?
False
Does 17 divide 17663?
True
Is 9696 a multiple of 4?
True
Is 534 a multiple of 43?
False
Is 10692 a multiple of 12?
True
Is 11 a factor of 22?
True
Does 19 divide 45?
False
Is 188 a factor of 10716?
True
Does 112 divide 7952?
True
Is 18 a factor of 5328?
True
Is 21 a factor of 84?
True
Is 5 a factor of 846?
False
Is 1385 a multiple of 7?
False
Is 9156 a multiple of 12?
True
Does 15 divide 23465?
False
Does 3 divide 29?
False
Does 88 divide 25632?
False
Does 33 divide 627?
True
Does 43 divide 6138?
False
Does 108 divide 20088?
True
Does 10 divide 76?
False
Is 7524 a multiple of 57?
True
Does 39 divide 139776?
True
Does 54 divide 2916?
True
Is 2695 a multiple of 7?
True
Does 14 divide 1118?
False
Does 10 divide 2655?
False
Does 39 divide 1881?
False
Does 2 divide 126?
True
Does 42 divide 226?
False
Is 512 a multiple of 10?
False
Is 2275 a multiple of 65?
True
Is 89 a factor of 18616?
False
Is 5 a factor of 75?
True
Is 24455 a multiple of 73?
True
Is 17 a factor of 62?
False
Does 7 divide 854?
True
Is 516 a multiple of 4?
True
Is 87 a factor of 26361?
True
Is 2300 a multiple of 27?
False
Is 1560 a multiple of 156?
True
Does 9 divide 33372?
True
Is 30 a factor of 8263?
False
Is 17100 a multiple of 36?
True
Is 43757 a multiple of 223?
False
Is 52 a factor of 1707?
False
Is 106 a factor of 16536?
True
Does 55 divide 3570?
False
Is 1340 a multiple of 64?
False
Does 27 divide 775?
False
Is 2 a factor of 1512?
True
Is 203 a factor of 15631?
True
Is 912 a multiple of 48?
True
Is 18 a factor of 27936?
True
Is 55 a multiple of 55?
True
Is 32 a factor of 3872?
True
Is 15050 a multiple of 43?
True
Does 2 divide 105?
False
Is 206 a factor of 30900?
True
Is 76 a factor of 532?
True
Is 9 a factor of 1452?
False
Is 21 a factor of 1554?
True
Is 1768 a multiple of 13?
True
Does 13 divide 1391?
True
Does 17 divide 500?
False
Is 55 a multiple of 11?
True
Does 37 divide 296?
True
Does 14 divide 2576?
True
Is 13 a factor of 1906?
False
Is 777 a multiple of 95?
False
Is 30 a factor of 4380?
True
Is 80 a factor o